the highest common factor of 2716831 and 1339.
1339
Calculate the highest common divisor of 735 and 4920.
15
What is the highest common divisor of 80 and 14128?
16
Calculate the highest common divisor of 91014 and 12.
6
What is the greatest common factor of 341 and 579359?
341
What is the greatest common factor of 2585 and 32571?
517
Calculate the highest common factor of 2303 and 3854.
47
Calculate the greatest common divisor of 1024224 and 72.
24
Calculate the greatest common factor of 30 and 2823130.
10
What is the highest common factor of 281340 and 8640?
540
What is the greatest common divisor of 29241 and 247?
19
Calculate the highest common factor of 20 and 190990.
10
What is the greatest common divisor of 5017 and 2088?
29
Calculate the greatest common factor of 688 and 53922.
86
Calculate the highest common factor of 600 and 25820.
20
Calculate the greatest common factor of 43001 and 63.
7
Calculate the highest common divisor of 1547 and 186277.
91
What is the greatest common divisor of 1698 and 185648?
566
What is the greatest common factor of 33 and 38005?
11
What is the greatest common divisor of 15522 and 390?
78
What is the greatest common factor of 4719 and 1989?
39
What is the greatest common divisor of 797007 and 87?
87
What is the highest common divisor of 342 and 2154?
6
What is the greatest common divisor of 2220 and 156?
12
What is the greatest common divisor of 455 and 23345?
35
What is the greatest common factor of 2829 and 420072?
69
Calculate the greatest common factor of 216 and 4314168.
216
What is the greatest common factor of 16 and 10756?
4
What is the highest common divisor of 91339 and 1137?
379
What is the greatest common divisor of 37050 and 50?
50
What is the highest common divisor of 48404 and 4?
4
Calculate the greatest common factor of 1 and 1357788.
1
Calculate the greatest common divisor of 504 and 5544.
504
What is the highest common divisor of 1524322 and 3352?
838
What is the highest common factor of 126816 and 672?
96
Calculate the highest common divisor of 620 and 6696.
124
What is the highest common divisor of 102 and 1097928?
102
Calculate the greatest common factor of 976 and 88084.
244
What is the highest common divisor of 27 and 87183?
27
Calculate the greatest common factor of 60 and 683860.
20
What is the highest common divisor of 3899 and 400483?
557
Calculate the greatest common divisor of 236747 and 3689.
217
Calculate the highest common factor of 4284 and 420.
84
What is the greatest common factor of 115534 and 122?
122
What is the highest common factor of 40077 and 131211?
549
Calculate the greatest common factor of 67024 and 118.
118
Calculate the greatest common factor of 2816 and 192.
64
Calculate the highest common divisor of 8 and 2516368.
8
What is the highest common factor of 464 and 4432?
16
What is the greatest common divisor of 2270 and 830?
10
What is the greatest common divisor of 25944 and 414?
138
Calculate the highest common factor of 5226 and 86430.
402
Calculate the highest common factor of 3300 and 2145.
165
What is the highest common factor of 9 and 7268553?
9
Calculate the greatest common factor of 11221 and 294.
49
Calculate the greatest common factor of 229 and 6111552.
229
What is the greatest common divisor of 27755 and 5795?
305
What is the highest common factor of 8990 and 928?
58
What is the highest common factor of 75 and 2817225?
75
Calculate the greatest common divisor of 785 and 20096.
157
What is the highest common divisor of 6908 and 132?
44
Calculate the highest common divisor of 501981 and 7599.
447
Calculate the highest common factor of 117 and 7111.
13
What is the greatest common divisor of 131970 and 1080?
30
What is the greatest common divisor of 1482 and 79495?
13
What is the greatest common factor of 333280 and 160?
160
Calculate the greatest common divisor of 55781 and 1045.
11
What is the greatest common factor of 722 and 266?
38
Calculate the greatest common divisor of 485825 and 25.
25
Calculate the greatest common factor of 21608 and 7592.
584
What is the greatest common factor of 1692 and 60552?
36
What is the greatest common divisor of 656 and 5760?
16
What is the greatest common divisor of 2713540 and 230?
230
What is the highest common divisor of 561654 and 2673?
81
What is the greatest common divisor of 2829 and 2231?
23
What is the greatest common factor of 20 and 4570?
10
What is the highest common divisor of 298067 and 1029?
343
What is the highest common divisor of 7 and 29764?
7
Calculate the greatest common factor of 441 and 27048.
147
Calculate the greatest common factor of 312 and 152556.
12
What is the highest common divisor of 3115 and 4065?
5
What is the highest common factor of 413616 and 126?
42
Calculate the highest common divisor of 84846 and 711.
237
Calculate the greatest common divisor of 21209 and 9018.
167
What is the greatest common factor of 230 and 409814?
46
Calculate the greatest common factor of 42590 and 955.
5
Calculate the highest common divisor of 319 and 6259.
11
What is the greatest common divisor of 12 and 954?
6
Calculate the greatest common factor of 2 and 1107562.
2
What is the greatest common factor of 15777 and 126?
9
What is the highest common factor of 21 and 19095?
3
Calculate the highest common factor of 74930 and 354.
118
What is the highest common divisor of 133 and 1185619?
19
Calculate the highest common divisor of 30956 and 1420.
284
What is the highest common factor of 6298 and 298356?
94
What is the greatest common divisor of 110 and 10375640?
110
Calculate the greatest common divisor of 336932 and 12576.
524
What is the greatest common divisor of 86 and 602?
86
Calculate the highest common factor of 608889 and 51.
51
Calculate the greatest common factor of 38 and 6429733.
19
Calculate the highest common factor of 83776 and 8160.
544
What is the highest common divisor of 564 and 1224?
12
Calculate the highest common divisor of 1041 and 124573.
347
What is the greatest common factor of 7387 and 712?
89
Calculate the highest common factor of 192 and 443328.
192
Calculate the highest common divisor of 103510 and 638.
22
Calculate the highest common factor of 17149969 and 599.
599
Calculate the highest common factor of 15 and 19683.
3
Calculate the highest common factor of 9758 and 5814.
34
Calculate the greatest common factor of 13629 and 102333.
231
What is the greatest common factor of 3066174 and 24?
6
Calculate the highest common factor of 354 and 5982.
6
Calculate the highest common divisor of 696 and 14152.
232
What is the highest common divisor of 63842 and 1165?
233
Calculate the highest common divisor of 656 and 123.
41
Calculate the greatest common divisor of 2350 and 220.
10
Calculate the greatest common divisor of 122220 and 30.
30
What is the highest common factor of 14931 and 4347?
189
What is the highest common factor of 12 and 17804?
4
What is the highest common factor of 6688 and 7448?
152
Calculate the highest common factor of 1722533 and 82.
41
Calculate the highest common divisor of 1408311 and 1503.
1503
Calculate the highest common factor of 13 and 38129.
13
What is the greatest common divisor of 30277 and 104?
13
What is the highest common divisor of 11844 and 6012?
36
Calculate the greatest common factor of 42 and 144858.
42
Calculate the highest common divisor of 5323 and 5.
1
Calculate the highest common factor of 546 and 2142.
42
Calculate the highest common factor of 1398189 and 13.
13
Calculate the greatest common factor of 80 and 62740.
20
Calculate the highest common divisor of 2816 and 1980.
44
Calculate the highest common factor of 630 and 19620.
90
What is the highest common divisor of 66 and 12?
6
Calculate the greatest common divisor of 329433 and 52.
13
What is the greatest common factor of 10000 and 3920?
80
What is the highest common divisor of 462 and 438130?
154
What is the highest common divisor of 121700 and 3800?
100
What is the highest common divisor of 6944 and 864?
32
Calculate the highest common factor of 36058 and 4356.
242
Calculate the highest common factor of 200277 and 9.
9
What is the highest common divisor of 17 and 119?
17
Calculate the greatest common factor of 149 and 4816127.
149
Calculate the greatest common divisor of 107 and 2